mainder when y is divided by -3 - a - 1 - -5.
2
Let b = -300 - -323. What is the remainder when b is divided by 7?
2
Suppose 5*k - 48 = -o + 109, 4*k = 0. Let t = -122 + 214. Let w = o - t. Calculate the remainder when w is divided by 17.
14
Calculate the remainder when 3010/42 + 2/6 is divided by 25.
22
Suppose -9*o + 3*o + 48 = 0. Let y = 20 + 3. Let u = y - 9. Calculate the remainder when u is divided by o.
6
Let n = 4 - -5. Suppose -46 = n*x - 10*x. What is the remainder when 135 is divided by x?
43
Suppose 118 - 129 - 210 = -13*l. What is the remainder when -1 + -1 + 1 + 83 is divided by l?
14
Calculate the remainder when 130 is divided by (-350)/(-30) - (1/(-3))/1.
10
Let b(q) = q + 4. Let v be (-8)/(-6)*-9*10/(-8). Calculate the remainder when 94 is divided by b(v).
18
Suppose 0 = 2*p - 10, h + 7 = -4*p + 33. What is the remainder when 215 is divided by h?
5
Let u = 89 + -69. Calculate the remainder when 4 - (9 + -1) - -62 is divided by u.
18
Let u(p) be the first derivative of p**3/3 + p**2/2 + 28*p + 7. Suppose -w + 4*x + 5 = 2, -2*x = 5*w - 81. Calculate the remainder when u(0) is divided by w.
13
Suppose -1236*k + 256 = -1220*k. Calculate the remainder when 366 is divided by k.
14
Suppose 0 = -v + 21. Suppose -v = -2*q - 5*q. Let t = q - -9. What is the remainder when 22 is divided by t?
10
Suppose -12*d + 358 = 10. Calculate the remainder when 3 - (-12)/(-2) - (4 - 117) is divided by d.
23
Let a = -8 - -12. Suppose -4*k = -a*r - 12, 3*k - 4*r = k + 8. Let z(m) = 3*m**3 + 2*m - 4. Calculate the remainder when z(k) is divided by 5.
4
Suppose 5*u + 20 = 0, 24*v - 5*u = 29*v - 1015. Calculate the remainder when v is divided by 16.
15
Suppose 10 = -5*s, 2*k - 4*k - s + 28 = 0. Let l be (-2)/5 - 669/15. Let p = l - -88. Calculate the remainder when p is divided by k.
13
Let f = -102 + 200. Suppose 4 = 7*c - 17. Suppose -o + 5*t + 43 = 0, c*o - 103 = -0*o + 2*t. Calculate the remainder when f is divided by o.
32
Let a = -2 + 26. Let u = -20 + a. Let i(c) = 13*c + 3. Calculate the remainder when i(u) is divided by 14.
13
Suppose -64 = -4*w - 4*u + 5*u, -2*u = 5*w - 93. What is the remainder when w is divided by 13?
4
Suppose a - 362 = -5*t, -5*a + 0*a = 15. Calculate the remainder when 350 is divided by t.
58
Let j(c) = c + 6. Let g be j(-11). Let u be 16/10*g/(-2). Suppose -40 = h - 6*h - 3*w, 0 = u*h - w - 15. Calculate the remainder when h is divided by 2.
1
Let v = 1598 + -1348. What is the remainder when v is divided by 20?
10
Let r(s) = 3*s**2 + s + 5. What is the remainder when r(5) is divided by (-4)/(-8)*(35 - -9)?
19
Let h = 1246 - 1242. Suppose -2*t + 5 = 5*k, 0 = 2*t + k - 0*k - 9. Calculate the remainder when t is divided by h.
1
Suppose 0 = -5*b + 3*h + 531, 321 = 2*b + b - 3*h. Let w = -16 + -4. Let z = w + b. What is the remainder when z is divided by 29?
27
Suppose 4*u + 2*f + 58 = 0, 3*f + 29 = 5*u + 107. Calculate the remainder when (1 + (-55)/u)*18 is divided by 15.
9
Let d(w) = 2*w**2 + 5*w + 6. Suppose v + 1 + 5 = 0. Let u be d(v). Let y = u - 18. Calculate the remainder when 57 is divided by y.
27
Suppose 36*y + 85 - 1633 = 0. Calculate the remainder when 80 is divided by y.
37
Let d(y) = y**2 + 7*y - 30. Let k be d(-10). Suppose k = 236*m - 235*m - 15. What is the remainder when 24 is divided by m?
9
Let x = 16 - 12. What is the remainder when 28 is divided by (-2 + x)/((-5)/(-20))?
4
Suppose 31 = 3*x + 5*s, -3*s = 5*x - 2*s - 81. Calculate the remainder when 422 is divided by x.
14
Suppose 3*z = 4*d + z - 58, 37 = 4*d + 5*z. Let r(s) = -174*s + 3. Let j be r(2). What is the remainder when d is divided by (-1)/(-3) + j/(-45)?
5
Let c = -27 + 28. Let a(l) = 16*l**2 + l + 1. Calculate the remainder when 50 is divided by a(c).
14
Let m(h) = 8 + 3*h + 17 + 5*h - 56. What is the remainder when m(13) is divided by 15?
13
Let v = -1364 - -1374. Let f = 3 - -1. Suppose 2*k - 70 = 2*g, -f*k + 2*k + 3*g = -68. Calculate the remainder when k is divided by v.
7
Let f(b) = -8*b + 2. Let o be f(-1). Suppose 2 + o = 4*a. Suppose -4*q + t = 4*t - 121, -t = -a. Calculate the remainder when q is divided by 15.
13
Suppose c - 1 = n - 0, 0 = 4*n + 2*c - 26. Suppose 0 = -9*s + 113 + n. Calculate the remainder when s is divided by 8.
5
Suppose 4*u = -0*u + 20. Suppose -2*t = u*t - 119. What is the remainder when t is divided by 2?
1
Suppose 295 = 12*c - 461. What is the remainder when 200 is divided by c?
11
Suppose 4*w + 4*k = 51 + 13, w - 11 = -2*k. Calculate the remainder when w is divided by (1 + 7)*(-11)/(-22).
1
Suppose -b = 4*i + 82, 3*b + 4*i + 117 = -97. Calculate the remainder when 22 is divided by 45/7 + b/154.
4
Let a(n) be the third derivative of n**5/60 + 5*n**4/24 - 2*n**3/3 - 3*n**2. Calculate the remainder when a(4) is divided by 3/(-3) - (-13 - -1).
10
Suppose 2*w - 26 = 5*o, 0*o + 2*o + 61 = 3*w. Suppose 0 = -5*k + 52 + w. What is the remainder when 55 is divided by k?
10
Let p(q) = q**2 + 6*q + 5. Let h be p(-5). Let c be h - (83/1)/(-1). Suppose 3*k + 51 = 3*s, 4*s = -2*k + k + c. Calculate the remainder when s is divided by 7.
6
Let r(f) = -5*f**2 + 168*f + 42. Calculate the remainder when r(33) is divided by 74.
67
Let y(x) = -2*x**2 - 27*x - 11. Let j be y(-7). Let n = j - 65. What is the remainder when n is divided by 11?
4
Suppose -5*i + 15 = -0*i. Suppose 18 = 2*d - k + 4*k, 4*d - 3*k = 18. Suppose d*n - 4 = 4*n. What is the remainder when i is divided by n?
1
Let r = 152 + -162. What is the remainder when 34 is divided by (-2)/(-7) + 65*r/(-175)?
2
Suppose 4*k = 3*k. Let c be k/(-3) + 4 + -2. Let o(y) = y**3 - y**2 - 2. What is the remainder when o(c) is divided by 1?
0
Suppose -4*q - 22 = -5*q. Suppose -o = o - l - q, 0 = -3*l + 6. What is the remainder when 47 is divided by o?
11
Suppose i + 2*y - 42 = 0, -98*y + 96*y = -i + 30. Calculate the remainder when 117 is divided by i.
9
Let s = -94 - -210. Calculate the remainder when s is divided by (2/1)/(4*(-11)/(-154)).
4
Suppose 0 = 5*d - 2*k - 109, -10 = -d - k + 9. What is the remainder when 146 is divided by d?
20
Let l(y) = -2*y**3 - 2*y - 1. What is the remainder when 14*(-4)/(-8) - -2 is divided by l(-1)?
0
Let g = 153 - 143. What is the remainder when 286 is divided by g?
6
Let z = 536 + -533. Let x be (0 + -2)*23/(-2). Suppose z*w + 5*j - 25 = 0, -j - 6 = 3*w - x. Calculate the remainder when 18 is divided by w.
3
Let k(n) = -16*n - 72. Calculate the remainder when k(-21) is divided by 23.
11
Let t(r) = 3*r - 1. Calculate the remainder when 134 is divided by t(12).
29
Let u = -14 + 16. Suppose 0 = -5*o + 195 + 130. Suppose 7*m - u*m - o = 0. What is the remainder when 23 is divided by m?
10
Suppose -17 = -5*r + s, -4*s + 13 = 4*r - 15. What is the remainder when (-31)/(-2) - (-11)/(-22) is divided by r?
3
Suppose 0 = -0*d + d. Suppose d = -16*r + 7*r + 54. Calculate the remainder when 8 is divided by r.
2
Let t be (-23)/(-2) + (-12)/(-8). Suppose -2*k - 4 = 0, v = 2*v - 5*k - t. Suppose 2*i = -v*i + 115. What is the remainder when 43 is divided by i?
20
Suppose -2*b + 2*i - 6*i + 34 = 0, 2*i = -5*b + 101. What is the remainder when 56 is divided by b?
14
Let r(v) = -2*v**3 - 10*v**2 - 8*v - 33. What is the remainder when 22 is divided by r(-5)?
1
Let u = 12 + -7. Suppose u*n + c - 177 = -71, 3*n - 5*c - 58 = 0. Calculate the remainder when 6105/99 - (-3)/9 is divided by n.
20
Let a(h) = -h**2 - 8*h - 6. Let b be -14*(-1)/4*-2. Let n be a(b). Let t(g) = 56*g - 1. Calculate the remainder when t(n) is divided by 19.
17
Let u = 4 - 80. Let i be 4 + -3 + -5 - u. Let j = i + -25. What is the remainder when j is divided by 16?
15
Suppose 5*z = 4*f - 31, 2*f - 3*z = -4 + 19. Calculate the remainder when (-1)/((-9)/(-12)) - (-624)/f is divided by 18.
14
Suppose 74*a - 1698 = 68*a. Calculate the remainder when a is divided by 51.
28
Let y = 80 - 66. What is the remainder when 318 is divided by y?
10
Let n(p) = 3*p - 69. Let a be n(22). Suppose 0 = 4*j - 0*j - 180. What is the remainder when j is divided by (1/(0 - a))/((-13)/(-624))?
13
Let i = 57 - 52. Suppose -s - i*s + 198 = 0. Calculate the remainder when s is divided by 25.
8
Let y = 216 + -207. Calculate the remainder when 20 is divided by y.
2
Calculate the remainder when 127 is divided by 12/8*(-120